e v(-29).
-120
Let r(j) = 5660*j + 282968. What is r(-50)?
-32
Let o(s) = 12093*s + 435364. Calculate o(-36).
16
Let l(a) = 1826*a + 12321. Calculate l(-7).
-461
Let o(b) = -337900*b - 1013692. Give o(-3).
8
Let c(w) = -w**3 - 64*w**2 - 858*w - 81. Calculate c(-18).
459
Let p(d) = -3*d**3 + 16*d**2 - 47*d + 388. Calculate p(10).
-1482
Let m(p) = -14*p**3 + 135*p**2 + 146*p + 11. Give m(11).
-682
Let r(k) = k**2 - 2015*k + 274905. What is r(147)?
309
Let m(v) = -9*v**2 + 2910*v + 16756. Determine m(329).
-23
Let i(b) = b**3 - 17*b**2 + 148*b - 1801. What is i(15)?
-31
Let w(l) = 30002*l - 209755. Determine w(7).
259
Let a(f) = f**2 - 150*f - 1262. Calculate a(158).
2
Let r(o) = -5*o**2 + 1562*o + 20706. Calculate r(-13).
-445
Let c(n) = -3646*n + 10856. Give c(3).
-82
Let f(p) = -1935*p + 36702. Give f(19).
-63
Let f(m) = m**3 - 2*m**2 - 20. Calculate f(3).
-11
Let v(d) = 7*d**2 - 8721*d - 87941. Calculate v(-10).
-31
Let j(y) = 5630*y + 4993806. Determine j(-887).
-4
Let t(c) = 4660*c - 108034. What is t(24)?
3806
Let c(k) = k**2 + 714*k - 110685. Give c(131).
10
Let c(a) = 1498*a - 19173. Determine c(13).
301
Let v(q) = q**3 - 53*q**2 + 82*q + 190. Determine v(3).
-14
Let b(z) = -103347*z + 10851442. Give b(105).
7
Let o(p) = -10011*p + 50831. Determine o(5).
776
Let v(z) = 184*z**3 + 16933*z**2 + 460*z - 5. What is v(-92)?
-5
Let m(d) = d**2 + 7*d - 4153. Calculate m(-65).
-383
Let v(j) = -68849*j - 1927769. Give v(-28).
3
Let l(m) = m**2 + 31*m - 1648. Give l(48).
2144
Let y(h) = -1755*h + 92987. Calculate y(53).
-28
Let r(d) = 3*d**2 - 268*d + 3860. What is r(64)?
-1004
Let n(d) = d**3 + 259*d**2 - 368*d - 161496. Give n(-258).
12
Let s(n) = -n**2 - 74*n + 12472. Determine s(-155).
-83
Let p(g) = -g**3 + 669*g**2 + 1318*g + 16105. Give p(671).
1
Let l(i) = -i**3 - 16*i**2 + 1614*i + 6817. Determine l(-4).
169
Let j(y) = 99*y**2 + 758*y - 428. Determine j(-10).
1892
Let p(h) = 2*h**2 + 13280*h - 79768. Calculate p(6).
-16
Let s(q) = 1834231*q - 7336919. Determine s(4).
5
Let i(t) = 3*t**3 - 35*t**2 + 749*t - 8030. Give i(11).
-33
Let r(i) = 14*i**2 + 205*i - 2537. What is r(8)?
-1
Let a(u) = 23*u**2 + 517*u - 1052. What is a(2)?
74
Let w(g) = 2*g**3 + 40*g**2 - 83*g - 1445. Give w(-20).
215
Let x(i) = -174339*i - 2615071. Give x(-15).
14
Let u(c) = -105*c**2 + 737*c - 610. Calculate u(6).
32
Let d(i) = -3*i**2 + 253*i + 6340. Give d(-20).
80
Let a(j) = -164902*j + 659617. Calculate a(4).
9
Let a(g) = g**3 + 45*g**2 + 631*g + 3898. Determine a(-26).
336
Let s(d) = -675*d - 51303. Calculate s(-76).
-3
Let l(t) = -t**3 - 168*t**2 + 5*t + 991. What is l(-168)?
151
Let r(l) = 17*l**3 + 152*l**2 + 1255*l + 9009. What is r(-8)?
-7
Let j(s) = 55*s**2 - 10348*s + 1533. Give j(188).
29
Let y(g) = 2*g**3 + 558*g**2 + 559*g + 813. What is y(-278)?
-21
Let y(x) = -x**2 - 6882*x - 1905376. What is y(-289)?
1
Let a(x) = 3*x**3 + 2*x**2 - 6*x + 206. Determine a(0).
206
Let k(x) = -x**3 + 105*x**2 + 26241*x + 31244. Determine k(-117).
5
Let f(t) = 20*t**2 + 3401*t - 13764. What is f(-174)?
-18
Let u(g) = -3136*g + 106438. Determine u(34).
-186
Let k(v) = 10*v**2 - 2*v - 117. Calculate k(-9).
711
Let w(u) = 5844*u + 64360. What is w(-11)?
76
Let f(y) = -y**3 - 17*y**2 - 57*y + 44. What is f(-10)?
-86
Let z(c) = 1086*c + 58421. Give z(-53).
863
Let n(h) = -3*h**2 - 2945*h - 2962. What is n(-1)?
-20
Let o(r) = -2*r**3 + 29*r**2 + 188*r + 114. Calculate o(19).
437
Let r(a) = 1335*a - 21174. Determine r(16).
186
Let v(s) = -20*s - 1755. What is v(-51)?
-735
Let b(g) = 458*g + 20707. Determine b(-46).
-361
Let u(b) = 474*b + 11482. Give u(-21).
1528
Let v(u) = 3*u**2 - 11*u - 26960. Calculate v(-93).
10
Let y(w) = -379*w**2 + 423*w - 48. Determine y(0).
-48
Let p(s) = 24578*s**2 + 98259*s + 9. What is p(-4)?
221
Let n(a) = 34*a**3 - 9789*a**2 - 862*a - 594. Give n(288).
-18
Let z(l) = -1835*l - 23956. Determine z(-14).
1734
Let h(g) = 8*g**2 - 280*g - 1422. What is h(-5)?
178
Let c(h) = -15*h**3 - h**2 - 29*h + 37. What is c(4)?
-1055
Let z(f) = 2*f**2 + 795*f + 12220. Give z(-16).
12
Let s(x) = 44*x + 2238. Calculate s(-45).
258
Let z(c) = 1267*c - 124074. Calculate z(98).
92
Let k(g) = 2*g**2 + 1221*g - 32177. Determine k(-636).
259
Let r(c) = 3*c**2 - 179*c - 1887. Determine r(-9).
-33
Let x(m) = 3144*m - 12588. Calculate x(4).
-12
Let v(b) = -16*b**2 - 82*b + 2. Calculate v(0).
2
Let x(w) = 10922*w - 131121. Give x(12).
-57
Let d(g) = -5*g**2 + 32*g + 1157. Give d(-12).
53
Let q(k) = 3*k**3 - 44*k**2 + 3*k - 180. What is q(15)?
90
Let q(d) = d**2 - 1849*d + 236164. Give q(138).
46
Let n(k) = 36*k**2 - 294*k + 574. What is n(2)?
130
Let m(k) = -1878*k - 52542. What is m(-28)?
42
Let z(n) = 3*n**3 - 9*n**2 - 43*n + 1. Determine z(-5).
-384
Let h(q) = 1592*q - 9613. Calculate h(6).
-61
Let a(x) = -14278*x - 471002. What is a(-33)?
172
Let b(f) = -132*f - 528. What is b(-4)?
0
Let j(k) = 79*k + 12743. Calculate j(-156).
419
Let f(l) = -7*l**2 + 155*l + 576. Give f(-5).
-374
Let u(h) = 5921*h - 23657. Calculate u(4).
27
Let h(o) = 4*o**2 + 196*o - 1511. What is h(7)?
57
Let m(c) = -5*c**2 + 91805*c - 1284299. Give m(14).
-9
Let m(n) = 513*n + 6658. What is m(-13)?
-11
Let m(v) = 12*v**2 + 276*v - 670. Calculate m(-25).
-70
Let l(u) = -3*u**2 + 20*u + 770. Determine l(-13).
3
Let z(n) = 328*n + 13198. Calculate z(-41).
-250
Let j(x) = -245*x**2 + 9312*x - 57. Give j(38).
19
Let q(r) = -r**3 - 30*r**2 - 42*r + 24. Give q(-14).
-2524
Let z(b) = -90*b**2 - 5185*b - 74671. Determine z(-29).
4
Let z(n) = -208*n**2 + 12770*n - 5022. Give z(61).
-20
Let h(m) = -46*m**2 + 402*m - 16. What is h(8)?
256
Let t(x) = -641*x - 14072. Calculate t(-22).
30
Let u(r) = -83*r**2 - 4015*r - 21. Calculate u(-48).
1467
Let g(k) = -23992*k + 311799. Give g(13).
-97
Let v(p) = 2400*p + 31212. What is v(-12)?
2412
Let l(q) = 621*q**2 - 5092*q + 1007. Determine l(8).
15
Let v(d) = 2*d**3 - 355*d**2 - 51407*d - 329. Calculate v(272).
-57
Let x(a) = a**3 - 97*a**2 - 103*a + 858. What is x(98)?
368
Let g(s) = -712*s**2 + 4380*s - 1. Give g(6).
647
Let y(l) = 31*l**2 - 121*l - 9. Give y(0).
-9
Let q(c) = -3*c**3 + 2*c**2 + 36*c - 158. Determine q(-7).
717
Let r(g) = -5*g**2 + 502*g - 15926. What is r(33)?
-4805
Let l(p) = -11*p**2 + 89*p + 712. What is l(14)?
-198
Let w(k) = -513*k + 46090. Calculate w(90).
-80
Let z(u) = u**3 + 4*u**2 - 464*u + 2995. What is z(9)?
-128
Let d(i) = 4294*i + 468042. Calculate d(-109).
-4
Let k(v) = 3*v**3 + 12*v**2 + 5711*v + 71988. Calculate k(-12).
0
Let l(s) = -368168*s + 2209021. Give l(6).
13
Let u(n) = -n**3 + 131*n**2 + 2678*n + 493. Determine u(149).
-103
Let k(v) = 595*v - 48209. Give k(81).
-14
Let p(y) = 196*y**2 + 10*y + 44. Calculate p(-3).
1778
Let c(u) = 17*u**3 - 109*u**2 - 11*u - 411. Determine c(7).
2
Let q(r) = 1099*r**3 - 1510*r**2 - 1513*r - 3. Calculate q(-1).
-1099
Let o(u) = -321*u + 8754. Give o(28).
-234
Let p(w) = -3*w**2 + 395*w - 9017. Calculate p(30).
133
Let l(b) = -b**3 + 7*b**2 + 75*b + 2. Calculate l(-5).
-73
Let l(u) = 357*u - 5746. Calculate l(16).
-34
Let b(p) = 8*p**3 - 954*p**2 - 1693*p + 78. Give b(121).
199
Let c(w) = 44*w**2 - 51*w + 155. Calculate c(3).
398
Let t(y) = -1230*y - 170973. Give t(-140).
1227
Let s(g) = -4*g**2 + 231862*g - 1159226. What is s(5)?
-16
Let j(b) = 2*b**3 + 2767*b**2 + 191334*b + 56. Calculate j(-73).
-17
Let v(r) = -5289226*r - 26446115. What is v(-5)?
15
Let t(j) = -j**3 + 6*j**2 + 11026*j - 44141. What is t(4)?
-5
Let s(n) = -152*n**2 - 170992*n + 8995. Determine s(-1125).
-5
Let h(s) = 21499*s + 3848326. Determine h(-179).
5
Let x(n) = 668*n + 242448. Calculate x(-363).
-36
Let z(k) = -3*k**3 - 16*k**2 - 178*k - 820. Give z(-4).
-172
Let h(x) = -6811*x + 108997. Determine h(16).
21
Let y(c) = -123361*c - 4934444. Determine y(-40).
-4
Let h(j) = 31*j**2 - 3925*j + 11741. What is h(3)?
245
Let o(z) = 40*z**3 - 1983*z**2 - 850*z + 8. Give o(50).
8
Let t(z) = -4282*z**2 + 209819*z - 43. Calculate t(49).
6
Let u(o) = 3*o**2 - 489*o + 10285. What is u(138)?
-65
Let h(i) = -36*i + 5451. Give h(140).
411
Let q(n) = 5*n**3 - 3928*n**2 + 2355*n + 6. Give q(785).
6
Let k(v) = 2*v**2 - 351*v + 4768. Determine k(14).
246
Let d(l) = l**2 + 245*l - 11725. Calculate d(41).
1
Let l(b) = -1230*b - 15614. 